055?
685
Calculate the greatest common factor of 5787 and 7362.
9
Calculate the highest common factor of 8312381 and 50512.
3157
Calculate the highest common factor of 5225 and 592240.
55
What is the greatest common factor of 42562 and 19058?
26
What is the greatest common divisor of 15016324 and 109472?
1244
Calculate the greatest common divisor of 180988 and 16.
4
What is the highest common divisor of 210009 and 1452?
3
Calculate the greatest common divisor of 88 and 677666.
22
Calculate the greatest common divisor of 2838152 and 8344.
1192
What is the greatest common factor of 11620687 and 1138?
569
What is the greatest common divisor of 716545 and 211355?
5155
Calculate the highest common factor of 72230 and 16783456.
466
What is the highest common factor of 3090 and 33864?
6
Calculate the highest common divisor of 45925 and 2356871.
1837
Calculate the highest common factor of 2996 and 6372492.
2996
Calculate the greatest common factor of 87 and 17800635.
87
Calculate the highest common factor of 1741370 and 10.
10
Calculate the greatest common factor of 653425133 and 1622.
811
What is the highest common factor of 317084 and 121584?
68
What is the highest common factor of 49598348 and 47?
47
What is the highest common factor of 1255 and 15578315?
1255
Calculate the highest common divisor of 187 and 35689222.
17
What is the highest common divisor of 23772 and 234504837?
5943
Calculate the highest common divisor of 225793 and 32663.
89
What is the highest common factor of 56892 and 50754?
66
Calculate the greatest common divisor of 1530 and 3950715.
255
What is the greatest common factor of 8710 and 9249149?
871
What is the greatest common divisor of 2690190 and 80832?
2526
What is the greatest common factor of 337285 and 5265?
65
What is the highest common divisor of 893 and 23170389?
47
Calculate the highest common divisor of 32846 and 22418.
22
What is the highest common factor of 7508758 and 8150?
326
What is the greatest common divisor of 103886244 and 28?
28
What is the greatest common divisor of 11874 and 178478094?
11874
Calculate the highest common factor of 4733848 and 728.
56
Calculate the highest common factor of 32629016 and 3836.
3836
Calculate the greatest common divisor of 8100 and 215442990.
810
Calculate the greatest common divisor of 3290 and 706440.
70
What is the greatest common divisor of 20882 and 632764?
394
What is the highest common factor of 2116 and 22727772?
92
Calculate the greatest common factor of 3854112 and 6492.
12
Calculate the highest common divisor of 153573504 and 3007.
3007
What is the highest common factor of 1171001 and 23452?
533
What is the greatest common divisor of 9114209 and 88335?
1963
Calculate the highest common factor of 256230 and 1755000.
3510
Calculate the highest common factor of 28078 and 1403294.
202
What is the greatest common factor of 399 and 18653649?
399
What is the highest common divisor of 56071749 and 915?
183
Calculate the greatest common factor of 23067165 and 4620.
165
What is the greatest common divisor of 2424102312 and 24?
24
What is the highest common divisor of 137564 and 109872?
28
Calculate the greatest common divisor of 4110782 and 73144.
446
Calculate the highest common factor of 272 and 17483497.
17
Calculate the highest common factor of 531384 and 228.
12
Calculate the highest common divisor of 10294 and 1113115955.
5147
Calculate the greatest common factor of 7002 and 12391206.
2334
What is the greatest common factor of 315088 and 21573472?
6704
Calculate the highest common divisor of 459520894 and 140.
14
Calculate the greatest common factor of 12371205 and 770.
385
What is the greatest common divisor of 186618 and 64182?
114
Calculate the greatest common factor of 36060720 and 17460.
5820
What is the highest common factor of 149229 and 4401?
27
What is the greatest common divisor of 2209307 and 296851?
2627
What is the greatest common factor of 4369 and 80834724?
257
Calculate the highest common divisor of 9884360 and 2088.
232
Calculate the highest common divisor of 2200 and 19609975.
275
What is the greatest common factor of 275228630 and 1340?
670
Calculate the greatest common factor of 194 and 95126348.
194
What is the highest common divisor of 69240 and 2003520?
120
Calculate the greatest common divisor of 199635 and 27.
3
What is the greatest common divisor of 23920945 and 9320?
1165
Calculate the highest common divisor of 187663 and 4063.
17
What is the highest common divisor of 28948742 and 76?
38
Calculate the highest common factor of 12 and 729671532.
12
What is the highest common factor of 15231130 and 10?
10
Calculate the greatest common factor of 14210 and 30095.
5
What is the highest common divisor of 1470 and 6492570?
210
What is the highest common factor of 382956093 and 11934?
5967
Calculate the highest common divisor of 1 and 34860739.
1
What is the greatest common divisor of 23362846 and 3354?
1118
What is the greatest common factor of 6698 and 714?
34
What is the highest common factor of 154251961 and 22683?
7561
What is the greatest common divisor of 228473028 and 189?
189
Calculate the greatest common divisor of 16 and 16537008.
16
What is the greatest common divisor of 31780052 and 4812?
1604
Calculate the greatest common divisor of 84910 and 163310.
70
Calculate the greatest common factor of 872120 and 312.
8
What is the highest common factor of 261 and 503295?
87
Calculate the highest common factor of 177972 and 18.
6
Calculate the greatest common factor of 30360 and 42765360.
1320
What is the highest common divisor of 320 and 2885312?
64
Calculate the highest common divisor of 3090674 and 1460.
146
Calculate the highest common factor of 22698 and 893088.
18
Calculate the highest common factor of 350 and 1114106.
14
Calculate the greatest common divisor of 645 and 5757012.
129
What is the greatest common factor of 91040 and 17162178?
1138
What is the highest common divisor of 147719305 and 20?
5
Calculate the highest common factor of 7292229 and 1317.
1317
Calculate the highest common divisor of 112501089 and 135.
27
What is the highest common divisor of 30914656 and 6560?
1312
Calculate the highest common divisor of 85259756 and 10.
2
What is the greatest common divisor of 84 and 21099444?
12
What is the highest common divisor of 516 and 34003506?
6
What is the greatest common factor of 742352 and 296?
8
Calculate the highest common divisor of 1473 and 18141959.
491
What is the highest common factor of 30641640 and 3240?
120
Calculate the greatest common divisor of 391 and 766682.
23
What is the greatest common factor of 430088032 and 3608?
3608
Calculate the highest common divisor of 3670073 and 29351.
599
What is the highest common factor of 1261004722 and 134?
134
What is the highest common factor of 10304232 and 117528?
1416
Calculate the greatest common divisor of 26661361 and 423.
47
What is the highest common divisor of 2 and 385797?
1
What is the greatest common divisor of 40040 and 15763?
11
What is the greatest common factor of 14734648 and 680?
136
Calculate the greatest common divisor of 17283 and 81333.
21
Calculate the highest common divisor of 321943 and 194.
97
What is the greatest common divisor of 40025 and 3584639?
1601
What is the highest common factor of 269820 and 1040?
20
Calculate the highest common factor of 3945496 and 71757.
1139
What is the greatest common factor of 4642 and 158675798?
422
What is the greatest common divisor of 1539436 and 338836?
2668
Calculate the highest common factor of 349845 and 94135.
1405
What is the highest common factor of 5805 and 579798?
27
What is the greatest common factor of 154101776 and 16?
16
Calculate the highest common divisor of 24806582 and 5134.
302
Calculate the greatest common divisor of 4616 and 1902915996.
2308
Calculate the highest common divisor of 129504 and 34790.
142
Calculate the highest common divisor of 2841 and 8077910.
947
What is the highest common divisor of 5495513 and 2175181?
6059
What is the greatest common factor of 418580 and 8960?
20
What is the greatest common divisor of 5945522 and 25520?
638
Calculate the highest common divisor of 140 and 125613740.
140
What is the highest common factor of 172281547 and 29?
29
Calculate the highest commo